rs of u.
7
Let o(n) be the second derivative of -n + 0 + 1/6*n**3 + 1/12*n**4 + n**2. What are the prime factors of o(-4)?
2, 7
Let z be (1 + -2)*(2 + -7). Suppose -z*f = 26 + 19. List the prime factors of (-2)/6 - 21/f.
2
Suppose 2*f - 3*p = -2*p + 1, -5*f + 5*p + 10 = 0. What are the prime factors of 3/f + (3 - -8)?
2
Let d(z) = -2*z - 6. Let w be d(-12). Let s = w - 1. What are the prime factors of s?
17
Let i be (-60)/(-8)*(-8)/(-10). Suppose -3*o - 39 = -i*o. What are the prime factors of o?
13
Let a = -171 + 276. What are the prime factors of a?
3, 5, 7
Let t(x) = 12*x - 1. Let k be t(2). Let d = -31 + 17. Let q = k + d. What are the prime factors of q?
3
Suppose -x = -2*z - 22, 0*x - 69 = -2*x - z. Suppose -2*g = 2*i - x, -5*g + 3*i + 62 = 2*i. Suppose -3*h + 2 + g = 0. What are the prime factors of h?
5
Let r = -10 + 13. Suppose -r = -2*s + 3*x - 4*x, 3 = 4*s + 3*x. Suppose 4*y - 19 = -5*z - 0, z + s*y = 6. What are the prime factors of z?
3
Let n(h) = 4*h + 9*h - 1 - 5*h. List the prime factors of n(2).
3, 5
Let t be (0*(-2 - -1))/1. Let o be 1/(-2 + t)*4. List the prime factors of (-23)/(-2) - (-1)/o.
11
Let n = -13 - -8. Let l(z) be the second derivative of z**5/20 + z**4/2 + z**3/3 - 5*z**2/2 - 3*z. List the prime factors of l(n).
2, 5
Suppose -2*q - 5*c + 5 = 0, 4*q + c = 2*c - 23. Let o(z) = -z**3 - 4*z**2 + 3*z - 1. List the prime factors of o(q).
3
Let i(q) = -q + 2. Let x be 33/2*2/(-3). Let h = x - -5. What are the prime factors of i(h)?
2
Suppose 2 + 1 = l. Suppose l*w = -q + 5*q - 53, -q = -5*w - 9. What are the prime factors of q?
2, 7
Let h = 39 - 48. Suppose 1 = q + 2*m - 3, -3*m = q - 8. Let n = q - h. What are the prime factors of n?
5
Suppose -2*u + 5 = -5. Suppose -55 = -5*s - u. What are the prime factors of s?
2, 5
Suppose -5*b = 3*k - 137, 4 = -k - 5*b + 43. Suppose 2*m = k - 5. What are the prime factors of m?
2, 11
Let r(s) = -5*s**2 - 4*s**3 + 0*s**3 + s + 5*s**3 + 0*s**3. What are the prime factors of r(5)?
5
Let x = 41 - 19. Let v be x/8 + (-9)/12. Suppose w + v*w - 9 = 0. What are the prime factors of w?
3
Let z be 2*(-2)/(2 - 6). Let q = 5 - z. Let h(y) = -y**2 + 5*y + 3. List the prime factors of h(q).
7
Let t be ((-48)/(-30))/(4/10). Suppose t*f + f = 85. List the prime factors of f.
17
Let c(z) be the third derivative of z**5/20 - z**4/12 + z**3/3 + 2*z**2. List the prime factors of c(2).
2, 5
Suppose -5*r + 15 - 120 = -5*i, 0 = -2*r - 5*i - 70. Let j(w) = 40*w**2 + 1. Let c be j(1). Let b = c + r. List the prime factors of b.
2
Let x = 6 + 0. Suppose 10 = x*p - p. What are the prime factors of p/(-3) - 16/(-6)?
2
Let s(r) = 14*r + 13. What are the prime factors of s(5)?
83
Let z = -52 - -147. What are the prime factors of z?
5, 19
Suppose -10 = m - 2*m. Suppose -4*o = o + m. List the prime factors of (3 + -2)/(o/(-14)).
7
Let w = 20 - 18. Suppose -2*r + 68 = 4*h, 0*r = -4*h + w*r + 52. List the prime factors of h.
3, 5
What are the prime factors of (-1)/14*-6 + (-414)/(-14)?
2, 3, 5
Let i be (-2)/(-6)*3 + 3. Let y = -2 + i. List the prime factors of y.
2
Suppose -2*n = 2*d - 10, -4*d + 30 = -4*n - 30. Let h be (-2 - -3) + 1 + d. Suppose s = -3*s + h. What are the prime factors of s?
3
Let p(y) = 4*y**2 + y - 4. What are the prime factors of p(2)?
2, 7
Suppose 18*z + 180 = 19*z. List the prime factors of z.
2, 3, 5
Suppose v = 4*v + 3*k - 165, -3*v + 4*k = -165. Let f = 77 - v. List the prime factors of f.
2, 11
Let p = -16 + -14. What are the prime factors of (-205)/p + 2/12?
7
Suppose 3*x - 432 = 9*x. List the prime factors of 16/x - (-191)/9.
3, 7
Suppose -21 = v - 4*v. Let w = 4 - v. Let b = w + 11. What are the prime factors of b?
2
Suppose i - 147 - 15 = 0. What are the prime factors of i?
2, 3
Let n = 6 + -3. Suppose -n*s - 14 = -5*p, -3*p + s + 8 = 2. Suppose k - 3 = -p. List the prime factors of k.
2
What are the prime factors of -2*((-289)/6 + 4/(-12))?
97
Let j(t) be the second derivative of t**5/20 + 5*t**4/6 + 7*t**3/6 + t**2 - 4*t. List the prime factors of j(-9).
2, 5
What are the prime factors of (-1 - 2) + 105 + -3?
3, 11
Let s = -12 - -20. Suppose -5 = -2*i + 23. Let g = i + s. What are the prime factors of g?
2, 11
Let b(h) = -3*h**3 - 2*h**2 - h. Let o be b(-1). Suppose o*r = -3*u - 16 + 67, 2*r - 56 = -4*u. List the prime factors of r.
2, 3
Let o(q) = q**2 + q + 68. What are the prime factors of o(0)?
2, 17
Suppose -2*u + 87 - 31 = 0. Let x = -19 + u. What are the prime factors of x?
3
Let i(z) = -2 + 2 - 4*z + 2*z. List the prime factors of i(-2).
2
Let y = -3 + -1. Let f(i) = -i**3 - 2*i**2 + i + 2. Let j be f(y). Suppose -2*g = g - j. List the prime factors of g.
2, 5
Suppose -18 = -4*z - 2. Suppose z*v - 17 - 43 = 0. List the prime factors of v.
3, 5
Suppose q = b - 2*q - 100, 5*b - 440 = 3*q. What are the prime factors of b?
5, 17
Let x = -14 - -10. Let g(p) = 3*p**2 - 2*p - 2. Let u be g(-2). Let c = u + x. What are the prime factors of c?
2, 5
Let x(n) = -n**2 + n + 3. Let j be x(0). Suppose j*w = 11 + 37. List the prime factors of w.
2
Let c = -126 - -280. What are the prime factors of c?
2, 7, 11
Let q = 90 + -48. Suppose -5*z + q = -3*z. Let n = z - 12. What are the prime factors of n?
3
Let v(p) = -37*p + 31. List the prime factors of v(-9).
2, 7, 13
List the prime factors of 1/5 - (-229)/5.
2, 23
Let q(s) = -s**3 - 6*s**2 + 5*s + 13. What are the prime factors of q(-9)?
211
Let r = 2 - -1. Suppose 0 = -r*t + 71 - 17. List the prime factors of t.
2, 3
Let j be (-1275)/(-20) - 2/(-8). Suppose 0 = 5*r - 2*x - 71, -3*r + j = r - 4*x. List the prime factors of r.
13
Suppose 5*h = h - 16. Let w be 1/((4/3)/h). What are the prime factors of (-3)/(w*1/2)?
2
Let k(x) be the first derivative of -x**4/4 + 3*x**3 - x**2/2 + 9*x - 3. Let a be k(9). Suppose a = 2*m - 16 - 10. What are the prime factors of m?
13
Let b(a) = -2*a. Let w be b(-3). Let u be w/3*26/(-4). Let f = 29 + u. What are the prime factors of f?
2
Let r(q) = -4*q. Let a be r(-1). Suppose -4*o + a*b = -2 - 38, -11 = -o + 2*b. Let y = o + -6. List the prime factors of y.
3
Let p(x) = x**3 - 5*x**2 + 4*x. Let l be p(3). What are the prime factors of ((-2)/l)/(-1)*-9?
3
Suppose 2*o = -0*o + 30. Suppose 4*j = j + o. Suppose -5*z + 70 = -5*i, -j*z + 6 = 4*i - 19. What are the prime factors of z?
3
Let c(n) be the third derivative of -n**5/60 - 11*n**4/24 + 17*n**3/6 - 2*n**2. Let k be c(-12). Let f(y) = -y**2 + 7*y + 4. List the prime factors of f(k).
2, 7
Suppose -4*n + 5*g + 117 = 0, -2*g = -6*n + 2*n + 102. Let f = n + -3. List the prime factors of f.
2, 5
Let t be 3/(-4 + 1) - -9. Suppose 10 = 3*f - t. What are the prime factors of f?
2, 3
Let i(m) = 2*m**2 - 3*m + 41. Let l(b) = 3*b**2 - 4*b + 61. Let j(d) = -7*i(d) + 5*l(d). List the prime factors of j(0).
2, 3
Suppose 0*m - 21 = -3*m. Let g = m - 2. Suppose 1 - 22 = -2*l - g*a, -20 = -3*l + 4*a. What are the prime factors of l?
2
Let w = 1 - -12. Suppose -k + 39 = w. Suppose -2*l + 4 = -4*h, -3*l + 4*h = 3*h - k. What are the prime factors of l?
2, 5
Let t(r) = 49*r**3 + 5*r - 4. What are the prime factors of t(1)?
2, 5
Let l(s) = 2*s**2 + s. Let a = 4 - 3. Let d be l(a). Suppose -d*j = 3*b - 24, 0*b + 28 = j + 5*b. List the prime factors of j.
3
Suppose -193 - 1087 = -5*l. List the prime factors of l.
2
Let s = -27 - -212. List the prime factors of s.
5, 37
Suppose 11 = u - 5*l, 0*u + u + 5*l - 1 = 0. Let t(q) = 0 - 3*q**3 + 4*q**3 - u*q - 6*q**2 - 3. What are the prime factors of t(7)?
2
Let n(q) = q**2 + 5*q + 3. Let o be n(-4). What are the prime factors of (-38)/(-1 + -2 - o)?
19
Let v be (-2)/10 - (-52)/10. Suppose v*x - x - 132 = 0. Suppose -x - 22 = -5*w + 5*u, 5*u = 4*w - 46. What are the prime factors of w?
3
Suppose 9 = 4*v + 29, 23 = b - 2*v. What are the prime factors of b?
13
Let n(g) = 13*g**2 + 6*g - 3. Let r(m) = 7*m**2 + 3*m - 1. Let p(c) = 6*n(c) - 11*r(c). Let z be p(-5). Suppose 4*l = z*l + 11. List the prime factors of l.
11
Let c = -5 + 3. Let u(f) = f**2 + 3*f + 3. Let y be u(c). What are the prime factors of y/(-1)*8*-1?
2
Suppose -23 = -5*n - 8. Suppose -f = -n - 16. What are the prime factors of f?
19
Let x = 250 - 17. What are the prime factors of x?
233
List the prime factors of 33/22 - (-61)/2.
2
Suppose 0 = -4*f - 0*f + 16. Suppose